1531695620?
9
What is the ten millions digit of 1199160293?
9
What is the thousands digit of 240011169?
1
What is the hundred thousands digit of 1558031166?
0
What is the thousands digit of 104436028?
6
What is the ten millions digit of 50832819?
5
What is the ten thousands digit of 202417666?
1
What is the ten millions digit of 330842935?
3
What is the hundred thousands digit of 60278958?
2
What is the hundreds digit of 1693660729?
7
What is the thousands digit of 6189601181?
1
What is the hundred millions digit of 199846917?
1
What is the hundred thousands digit of 1532078665?
0
What is the ten thousands digit of 1466191593?
9
What is the hundred millions digit of 800982602?
8
What is the hundreds digit of 749882396?
3
What is the millions digit of 1963241028?
3
What is the hundreds digit of 2090553550?
5
What is the hundred millions digit of 718682291?
7
What is the units digit of 439863692?
2
What is the tens digit of 1552420604?
0
What is the hundreds digit of 65233770?
7
What is the thousands digit of 544182228?
2
What is the tens digit of 944764603?
0
What is the units digit of 50324907?
7
What is the hundred thousands digit of 4003338815?
3
What is the units digit of 259534291?
1
What is the ten millions digit of 1049752291?
4
What is the ten thousands digit of 48932983?
3
What is the ten millions digit of 11114407?
1
What is the thousands digit of 164992461?
2
What is the billions digit of 9167122043?
9
What is the hundred thousands digit of 1967309873?
3
What is the hundred thousands digit of 17502836?
5
What is the ten thousands digit of 601105853?
0
What is the millions digit of 77607294?
7
What is the hundreds digit of 74192109?
1
What is the hundreds digit of 102774817?
8
What is the hundred millions digit of 1627332929?
6
What is the ten millions digit of 3939211067?
3
What is the thousands digit of 202636176?
6
What is the tens digit of 146595861?
6
What is the hundreds digit of 409860739?
7
What is the tens digit of 7947326?
2
What is the hundred thousands digit of 4745577?
7
What is the units digit of 861789826?
6
What is the hundreds digit of 1005723111?
1
What is the millions digit of 606956121?
6
What is the hundred millions digit of 180666153?
1
What is the ten millions digit of 50420794?
5
What is the hundred millions digit of 188500006?
1
What is the hundreds digit of 221852666?
6
What is the units digit of 74972810?
0
What is the thousands digit of 234176140?
6
What is the hundred thousands digit of 103675279?
6
What is the thousands digit of 302037352?
7
What is the tens digit of 1102495899?
9
What is the hundred thousands digit of 517476021?
4
What is the billions digit of 1467072502?
1
What is the tens digit of 517222488?
8
What is the thousands digit of 92746710?
6
What is the units digit of 698428681?
1
What is the thousands digit of 9439399964?
9
What is the tens digit of 75107011?
1
What is the ten thousands digit of 1515093634?
9
What is the thousands digit of 33100034?
0
What is the thousands digit of 426461982?
1
What is the hundred millions digit of 481426277?
4
What is the ten millions digit of 30296924?
3
What is the thousands digit of 1633715327?
5
What is the hundred millions digit of 1429721183?
4
What is the ten millions digit of 883825733?
8
What is the hundred thousands digit of 2201227079?
2
What is the hundreds digit of 41706757?
7
What is the ten thousands digit of 718993?
1
What is the units digit of 6047464?
4
What is the millions digit of 2332157?
2
What is the units digit of 12283880?
0
What is the ten thousands digit of 665709581?
0
What is the units digit of 33580779?
9
What is the hundred thousands digit of 383300994?
3
What is the ten millions digit of 166620999?
6
What is the hundred thousands digit of 21566120?
5
What is the ten thousands digit of 30351786?
5
What is the hundred millions digit of 288057567?
2
What is the units digit of 15016792?
2
What is the hundred millions digit of 802487727?
8
What is the tens digit of 45932189?
8
What is the units digit of 1714774816?
6
What is the millions digit of 43569419?
3
What is the hundred thousands digit of 86645784?
6
What is the units digit of 106217191?
1
What is the thousands digit of 20101890?
1
What is the ten millions digit of 620510934?
2
What is the hundred thousands digit of 55922883?
9
What is the ten millions digit of 3007052673?
0
What is the tens digit of 25232941?
4
What is the hundred millions digit of 354130951?
3
What is the billions digit of 3845153256?
3
What is the thousands digit of 192053535?
3
What is the tens digit of 82346152?
5
What is the millions digit of 262124142?
2
What is the tens digit of 771022433?
3
What is the units digit of 1780123795?
5
What is the millions digit of 42704169?
2
What is the ten millions digit of 1091684693?
9
What is the units digit of 3556986752?
2
What is the ten millions digit of 73006251?
7
What is the millions digit of 71280268?
1
What is the hundred millions digit of 1873517207?
8
What is the ten thousands digit of 147111472?
1
What is the hundreds digit of 102194600?
6
What is the hundred thousands digit of 848440333?
4
What is the units digit of 707287651?
1
What is the ten millions digit of 72236263?
7
What is the units digit of 555119971?
1
What is the hundred millions digit of 427691524?
4
What is the hundreds digit of 352528602?
6
What is the millions digit of 3567777563?
7
What is the ten millions digit of 15636020?
1
What is the tens digit of 134068665?
6
What is the hundreds digit of 81766567?
5
What is the hundred millions digit of 2693989484?
6
What is the units digit of 4381199615?
5
What is the hundred thousands digit of 984305216?
3
What is the ten thousands digit of 5765229?
6
What is the millions digit of 2028454606?
8
What is the hundreds digit of 3931442141?
1
What is the ten millions digit of 274972582?
7
What is the hundreds digit of 31712027?
0
What is the ten millions digit of 5278172700?
7
What is the ten millions digit of 208821009?
0
What is the hundreds digit of 4068799472?
4
What is the thousands digit of 23453771?
3
What is the hundred millions digit of 1129176857?
1
What is the thousands digit of 165508710?
8
What is the billions digit of 3161277450?
3
What is the hundred thousands digit of 1189769294?
7
What is the thousands digit of 43243922?
3
What is the ten millions digit of 181560561?
8
What is the tens digit of 134258682?
8
What is the thousands digit of 43798673?
8
What is the hundred millions digit of 1117353108?
1
What is the thousands digit of 1623686287?
6
What is the hundred millions digit of 113484936?
1
What is the billions digit of 7366245527?
7
What is the hundred millions digit of 301919311?
3
What is the hundred millions digit of 200344562?
2
What is the hundreds digit of 9801402?
4
What is the ten thousands digit of 4437171553?
7
What is the tens digit of 54052751?
5
What is the millions digit of 1795590869?
5
What is the units digit of 1919840558?
8
What is the tens digit of 1001167840?
4
What is the hundred millions digit of 672543607?
6
What is the ten millions digit of 59425471?
5
What is the millions digit of 11779872?
1
What is the units digit of 260911749?
9
What is the ten thousands digit of 202523830?
2
What is the ten thousands digit of 4140286000?
8
What is the hundreds digit of 46991153?
1
What is the tens digit of 944506448?
4
What is the hundred thousands digit of 1774004745?
0
What is the thousands digit of 259892577?
2
What is the tens digit of 335056065?
6
What is the ten millions digit of 5483081117?
8
What is the millions digit of 92924190?
2
What is the thousands digit of 2602179870?
9
What is the ten millions digit of 815494142?
1
What is the thousands digit of 3209242?
9
What is the ten millions digit of 6284216602?
8
What is the ten millions digit of 846906079?
4
What is the hundred millions digit of 6210240570?
2
What is the ten thousands digit of 962066?
6
What is the ten millions digit of 68185604?
6
What is the hundreds digit of 43593086?
0
What is the ten thousands digit of 595719780?
1
What is the thousands digit of 47667644?
7
What is the hundreds digit of 5130725978?
9
What is the thousands digit of 1932384749?
4
What is the ten thousands digit of 206684298?
8
What is the hundred thousands digit o